be -19 - (-6 + 6 + -8). Let y(d) = 3*d + 35. Calculate y(t).
2
Let v(j) = j**3 + 6*j**2 - 7*j + 1. Suppose 2*k = -2*k. Suppose 0 = 2*g - k*g - 4, -2 = -z + 2*g. Suppose 0 = z*n + 21 + 21. What is v(n)?
1
Let y(l) = l. Let u(p) = -5*p - 17. Let s(v) = -3*u(v) - 24*y(v). Let f be s(6). Let q(n) = -n**3 - 4*n**2 - 2*n - 2. Determine q(f).
-5
Let z(a) = 3784 - 7440 - 9*a + 3684. Calculate z(7).
-35
Let v(a) = 64*a + 3. Let q(c) = 21*c + 1. Let b(w) = -7*q(w) + 2*v(w). Let s(m) = -17*m - 1. Let g(x) = 6*b(x) - 7*s(x). Calculate g(-2).
-9
Let a(f) = -24*f + 14*f + 10*f + 3*f. Calculate a(-6).
-18
Let h = 8 + -1. Let s be ((-15)/4)/((-7)/140). Let t(y) = y**3 + 9 + 33*y - s*y - 8*y**2 + 47*y. Determine t(h).
-5
Let k(m) = -m + 10. Let j be k(5). Let p(a) = 2 - 5 + j + 3*a. Let u(v) = -10*v**3 - 581*v**2 - 58*v + 2. Let f be u(-58). Determine p(f).
8
Let d(c) = -40*c - 3587. Let p be d(-90). Let m(r) = 2*r**2 - 28*r + 22. Calculate m(p).
-4
Let x(v) = v**2 + 3. Let t be x(0). Suppose w + 3*n = 154 - 145, 3*w = 4*n + 1. Let z(y) = -3*y**2 + 4 - 9*y**w + 8*y**3 - 5 + 8*y**2 - t*y. Calculate z(4).
3
Suppose 0*t + 268*t + 1341 - 3485 = 0. Let y(r) = 3 - 5 - r**2 + 9*r + 3. Determine y(t).
9
Suppose 58*o - 10 - 34 = 14*o. Let p(b) = -53*b - 9. Give p(o).
-62
Let z(h) be the third derivative of -h**4/24 + 11*h**2. Let s(g) = -g**2 + 9*g + 1. Suppose -n = 5 - 14. Let p be s(n). Give z(p).
-1
Let l(i) = 25*i - 75. Let w(q) = q**2 + 83*q + 733. Let u be w(-73). Determine l(u).
0
Let i(o) = 8*o**2 + 1 + o**3 + 10*o - 7 + 0*o + 3*o**2. Suppose -2*c + 32 = 3*p, -4*c - 34 = p - 2*p. Suppose -k - 5*u = 0, k + 20 = -9*u + p*u. Calculate i(k).
-6
Let m(f) = -55*f + 388. Let o(h) = -12*h. Let y(x) = m(x) - 3*o(x). Calculate y(20).
8
Let r(v) be the first derivative of v**3/3 + 9*v**2/2 + 8*v - 2564. Calculate r(-5).
-12
Let b(h) = 101 + 21*h + 11 + 9*h + 3*h - 16*h. What is b(-7)?
-7
Suppose 4*w + 10 = l + 2, -4*l - 4*w + 72 = 0. Let b(t) = -l + 29 - 8 - 6 - t**2 - 8*t. Suppose -12 = 3*c + 6. Calculate b(c).
11
Let w(x) be the second derivative of x**3/6 - 4*x**2 - 20*x - 9. Let c(z) = z**3 - z**2 - 2*z - 3. Let a be c(-2). Let i = a + 21. Determine w(i).
2
Let q(o) = -4*o**3 + o**2 - o. Suppose 9*i - 10*i = -2. Suppose 0 = i*r - 6*r + 12. Suppose 4*x - 1 = r. Determine q(x).
-4
Suppose 0 = -285*j - 27079 + 9694. Let i(c) = -c**3 - 63*c**2 - 122*c + 3. Determine i(j).
3
Let h be (-4)/6*(-30)/4. Let r(p) be the first derivative of 1/4*p**4 - 6*p + 7/2*p**2 - 15 - 2*p**3. Calculate r(h).
4
Let t(w) = -w**3 - 5*w**2 - 2*w - 3. Let z be (80/24)/(2/(-3)). Let s(n) = -3*n**3 - 11*n**2 - 4*n - 6. Let o(q) = z*t(q) + 2*s(q). Calculate o(4).
-5
Let t(y) be the first derivative of y**6/120 - y**5/12 - y**4/4 - y**3/6 - 5*y**2 - 4*y - 116. Let k(w) be the second derivative of t(w). Determine k(6).
-1
Let o(i) be the second derivative of i**3/6 + 11*i**2/2 + i. Let k be 3*2 - ((-3 - -8) + -7). Suppose 4*h + 2*p + k = 0, 5*h + p = -2 - 2. What is o(h)?
11
Let k(s) = -s**3 - 7*s**2 + 4*s. Let n(c) = c + 1. Let i(b) = -k(b) + 5*n(b). Suppose -4*q - 1 = -3*p, 65 = q + 31*p - 39*p. Give i(q).
-2
Let l(a) = a**3 + 5*a**2 - 27*a + 19. Suppose 5*r = -4*u - 11, 78*r = -3*u + 80*r - 37. Calculate l(u).
-62
Let t(c) = -2*c**3 + 38*c**2 + 26. Let i = 5239 - 5220. Calculate t(i).
26
Let k(r) = 2*r + 25. Suppose 27*u - 30*u - s - 36 = 0, 2*u - s + 19 = 0. Determine k(u).
3
Let w(a) = -a**3 - 10. Let b(k) be the third derivative of 3*k**4/8 + 3*k**3/2 - 58*k**2 + 3. Let v be b(-1). Determine w(v).
-10
Let h(f) = 5*f + 86. Let b(s) = 142*s - 8677. Let z be b(61). What is h(z)?
11
Let g(c) = 5*c**3 - 6*c**2 - 5*c - 3. Let l(j) = 4*j**3 - 6*j**2 - 6*j - 2. Let t(f) = -3*g(f) + 4*l(f). What is t(7)?
-13
Let z be ((-6)/9)/((-2)/30). Let v(m) = 2. Let w(a) = -34*a - 62. Let s(u) = 10*v(u) + w(u). Let k(r) = 10*r + 14. Let i(j) = -10*k(j) - 3*s(j). What is i(z)?
6
Let y = -124 + 60. Let q = y + 79. Suppose o - q = -5*w + 6*o, 1 = -3*w + 5*o. Let j(r) = -2*r + 9. Give j(w).
-7
Let k = 42 - 29. Let t(n) = 1 - 1 - 15*n + k*n - 2. Let h(v) = -v**2 + 2*v - 3. Let w be h(0). What is t(w)?
4
Let q(d) = 46*d**2 + 2*d - 1. Let n(z) = -89*z**2 - 4*z + 2. Let u(i) = 4*n(i) + 7*q(i). Suppose -7 = -7*m - 0*m. Give u(m).
-35
Let n(s) = -s**2 - 2*s + 14. Suppose -30*u + 7*u + 69 = 0. Suppose 4*l - 9*l = u*o + 30, o + 6 = -l. Determine n(l).
-10
Let m(a) = 6*a - 9. Let x = -1075 - -1071. What is m(x)?
-33
Let q(w) = -11*w - 118. Let v(d) = 1052*d - 2115. Let r be v(2). Determine q(r).
3
Let f(n) = 615*n**2 - 21*n - 1226*n**2 - 59 + 610*n**2. Calculate f(-3).
-5
Let m = -12086 - -12084. Let t(j) = -4*j**2 + 4*j + 2. Calculate t(m).
-22
Suppose 2*n + q - 12 = 6*n, -3*n = -3*q. Let p(v) be the first derivative of 2*v**3/3 + 3*v**2 + v + 394. Calculate p(n).
9
Let w = 466 - 472. Let i(b) = 9*b**3 + 55*b**2 + 6*b. Let y be i(w). Let c(j) = j**2 + j + 3. What is c(y)?
3
Let b(f) = 92*f**2 - 2 + 63*f + 61*f - 159*f + 37*f. Calculate b(1).
92
Let q = -15 - -14. Let z(x) = -5*x**2 + 2*x - 2. Let v(s) = -s**2 - s. Let w(r) = q*z(r) + 4*v(r). Suppose -62*k + 162 = -210. Determine w(k).
2
Let s(t) = 2*t**2 + 1. Let x(j) = -j**3 + 10*j**2 + j + 8. Suppose 5*n - 8*n + 3 = 0. Let g(d) = n*x(d) - 3*s(d). Let w = -7 - -12. What is g(w)?
-15
Suppose 5*d - 5*u + 10 = 0, 3*d + 5*u = 27 + 7. Let j(y) = 0 + y**2 - 1 - 192*y**3 + 217*y**d. Give j(1).
25
Let y(i) be the first derivative of 706 - 5*i + i**2 - 694 + 4*i + 0*i. Determine y(-2).
-5
Let j(k) be the second derivative of k**3/3 - 4*k**2 - 4*k. Let z = 6078 + -6074. Give j(z).
0
Suppose -2*l + v + 10 = 0, 4*v = -3*l + 31 - 16. Suppose -l*q + 3*w = 55 - 9, 0 = -q + 5*w - 18. Let m(b) = b + 17. Calculate m(q).
9
Let a(y) = 2*y**2 + y - 1. Let l(m) = -2 - m**3 - 23*m**2 + 33*m**2 + 1 - 12*m - 2*m. Let p be l(8). Suppose 68*i + p = 63*i. What is a(i)?
14
Let q(c) be the first derivative of -5/2*c**2 - 41 - 2*c. Give q(-5).
23
Let l be (-706)/(-2824) - (-1 - 11/4). Let b(h) be the third derivative of -h**6/120 + h**5/20 + h**4/8 - h**3/2 - h**2. What is b(l)?
-7
Let a(i) = -i**2 + 136*i - 2687. Let x be a(24). Let v(j) = -5*j**3 + 2*j**2 - j. Determine v(x).
-4
Let q(p) = 185405 + 29*p - 3*p**2 - 31*p + 4*p**2 - 185406. Suppose 0 = 5*w - w - 20. Suppose 1 + 9 = -w*z. Give q(z).
7
Let p(t) = -t**3 + 3*t**2 + 12*t + 1. Let k be (16/(-20))/((-132)/176 + 74/120). Determine p(k).
-35
Suppose -6*c + 5*c + 4*d + 10 = 0, -3*d = 6. Let x be -5*((-4 - -1) + c). Let u(y) = y**2 - 5*y - 3. What is u(x)?
-3
Let l = -3 + -5. Let i(y) be the first derivative of y**4/4 + 7*y**3/3 - 9*y**2/2 - 11*y + 41624. Calculate i(l).
-3
Let n = 275 - 280. Let p(b) = -b**3 - 5*b**2 - 2*b - 9. Calculate p(n).
1
Let n(m) = -m**3 + m**2 - m + 1. Let l(k) = -6*k**3 + 3*k**2 + 8. Let w(c) = -l(c) + 5*n(c). Let p = -212 - -209. Give w(p).
3
Suppose -2*b - 21 = 8*u - 3*u, 5*b + 2*u = 0. Let q(i) = -7 + 7 - 6 - 2*i - 2*i - i**3 - 4*i**2 - b*i. Give q(-4).
18
Let j(c) be the second derivative of -c**4/12 + 8*c**3/3 - 85*c**2/2 - 3040*c. Calculate j(9).
-22
Let h(j) be the third derivative of j**6/120 + j**5/30 - j**4/6 - j**3/6 - 2212*j**2. Give h(-2).
7
Let w = -26 - -19. Let h(s) = -5*s**3 - 2*s**2 + 12*s + 1. Let l(u) = 12*u**3 + 2*u**2 - 27*u - 3. Let o(r) = 5*h(r) + 2*l(r). What is o(w)?
6
Let f(h) = 0 - 3*h - 1 + 2. Let r be 2/5 + ((-520)/50 - -10). Suppose 4*p + 2 + 10 = r. What is f(p)?
10
Let u(z) = 0*z**2 - 118 + 127 - 2*z**3 + 26*z**2. What is u(13)?
9
Suppose -21 = 4*p - 9. Let y(k) = -k**3 - k**2 - 1. Let f(j) = j - 2 - 5*j**2 + 3 - 101*j**3 + 98*j**3. Let s(w) = -f(w) + 2*y(w). Determine s(p).
0
Let d(l) = -32*l**3 - 4*l**2 + 7*l + 18. Let x(t) = -26*t**3 - 4*t**2 + 7*t + 18. Let f(w) = -4*d(w) + 5*x(w). What is f(-2)?
4
Let f(n) = 7*n - 34. Let k(s) = 13*s - 60. Let w(p) = 11*f(p) - 6*k(p). Let h be (-130)/8 - ((-12)/(-16) - 1). Give w(h).
2
Let i(p) = p**3 - 5*p**2 + 7*p - 10. Suppose 3*z + 2*d + 0 - 13 = 0, -5*d - 5 = -5*z. Calculate i(z).
-7
Let a(g) = 4 + g**3 - 13*g**2 - 11*g**2 - 6*g + 24 - 4 + 5*g. Give a(24).
0
Suppose 3 = -5*h + 8, 13 = 5*t + 3*h. Let p = -137 - -141. Let b(s) = s**2 - 18*s**2 + 18*s**2 - p*s + 3. What is b(t)?
-1
Let s(h) = h + 8. Let c(q) be the third derivative of -37*q**2 + 